ed by 3067?
8
What is the remainder when 16605015 is divided by 27?
15
What is the remainder when 1082668 is divided by 1082659?
9
Calculate the remainder when 2808332 is divided by 49.
44
What is the remainder when 757941 is divided by 757925?
16
What is the remainder when 93004085 is divided by 6760?
5
Calculate the remainder when 639826 is divided by 5809.
836
What is the remainder when 11068183 is divided by 698?
695
Calculate the remainder when 69595 is divided by 7592.
1267
What is the remainder when 1080728 is divided by 270178?
16
What is the remainder when 346960 is divided by 151?
113
Calculate the remainder when 95518 is divided by 15708.
1270
Calculate the remainder when 1569550 is divided by 45.
40
What is the remainder when 132713 is divided by 5303?
138
Calculate the remainder when 4421912 is divided by 547.
511
Calculate the remainder when 11027226 is divided by 11.
1
What is the remainder when 255258 is divided by 51005?
233
Calculate the remainder when 33874 is divided by 16899.
76
What is the remainder when 93246 is divided by 265?
231
Calculate the remainder when 302173 is divided by 151037.
99
Calculate the remainder when 291702 is divided by 313.
299
Calculate the remainder when 966003 is divided by 1750.
3
Calculate the remainder when 40779 is divided by 40412.
367
Calculate the remainder when 376644 is divided by 4720.
3764
Calculate the remainder when 1534074 is divided by 1533768.
306
Calculate the remainder when 4021758 is divided by 2531.
2530
Calculate the remainder when 554695 is divided by 271734.
11227
What is the remainder when 165330591 is divided by 117?
114
What is the remainder when 1469965 is divided by 1546?
1265
Calculate the remainder when 68128076 is divided by 1174622.
0
Calculate the remainder when 26903820 is divided by 319.
317
Calculate the remainder when 8271606 is divided by 183.
6
What is the remainder when 356514 is divided by 356434?
80
What is the remainder when 216426 is divided by 36070?
6
What is the remainder when 40094970 is divided by 166?
160
Calculate the remainder when 137938913 is divided by 19.
15
What is the remainder when 958399 is divided by 73?
55
What is the remainder when 9382355 is divided by 55?
15
What is the remainder when 456892 is divided by 456501?
391
What is the remainder when 2662407 is divided by 221853?
171
Calculate the remainder when 10830 is divided by 3374.
708
Calculate the remainder when 25155553 is divided by 4947.
58
What is the remainder when 17498619 is divided by 1607?
1603
Calculate the remainder when 2266884 is divided by 970.
964
What is the remainder when 186207 is divided by 3065?
2307
Calculate the remainder when 1644377 is divided by 548009.
350
What is the remainder when 788068 is divided by 752?
724
Calculate the remainder when 1148514 is divided by 263.
256
Calculate the remainder when 460081 is divided by 51116.
37
What is the remainder when 241811 is divided by 26798?
629
Calculate the remainder when 4683503 is divided by 425773.
0
Calculate the remainder when 10476054 is divided by 2619007.
26
What is the remainder when 55983 is divided by 3222?
1209
What is the remainder when 54649 is divided by 4194?
127
What is the remainder when 229936 is divided by 114954?
28
What is the remainder when 3709 is divided by 338?
329
Calculate the remainder when 2726589 is divided by 200.
189
What is the remainder when 208645 is divided by 3067?
89
What is the remainder when 3432467 is divided by 201909?
14
Calculate the remainder when 2038695 is divided by 6840.
375
What is the remainder when 3769 is divided by 3320?
449
Calculate the remainder when 10786934 is divided by 726.
26
What is the remainder when 175529789 is divided by 2622?
2621
Calculate the remainder when 10544862 is divided by 100.
62
What is the remainder when 3473519 is divided by 34735?
19
What is the remainder when 430992 is divided by 2343?
2223
What is the remainder when 18889690 is divided by 784?
778
Calculate the remainder when 280778 is divided by 532.
414
Calculate the remainder when 241357 is divided by 241307.
50
Calculate the remainder when 300755 is divided by 10367.
112
What is the remainder when 3185617 is divided by 7374?
49
Calculate the remainder when 34531 is divided by 16727.
1077
Calculate the remainder when 705441 is divided by 421.
266
What is the remainder when 734584 is divided by 8253?
67
What is the remainder when 7926 is divided by 7891?
35
What is the remainder when 5894403 is divided by 49?
46
Calculate the remainder when 1916536 is divided by 48.
40
What is the remainder when 294138 is divided by 102?
72
What is the remainder when 71808 is divided by 3371?
1017
Calculate the remainder when 2244680 is divided by 1801.
634
Calculate the remainder when 1124149 is divided by 4210.
79
What is the remainder when 864532 is divided by 360?
172
Calculate the remainder when 21554428 is divided by 829016.
12
What is the remainder when 1000567 is divided by 11370?
7
Calculate the remainder when 255257 is divided by 23203.
24
What is the remainder when 5449965 is divided by 5449846?
119
What is the remainder when 153554 is divided by 50151?
3101
Calculate the remainder when 6969077 is divided by 238.
199
Calculate the remainder when 1225631 is divided by 245122.
21
Calculate the remainder when 51802 is divided by 10054.
1532
Calculate the remainder when 34706222 is divided by 393.
392
Calculate the remainder when 2033643 is divided by 9000.
8643
What is the remainder when 17345127 is divided by 1041?
1026
Calculate the remainder when 7043431 is divided by 20.
11
Calculate the remainder when 11206 is divided by 10210.
996
What is the remainder when 39051113 is divided by 54?
41
Calculate the remainder when 89081 is divided by 2070.
71
What is the remainder when 85394 is divided by 10454?
1762
Calculate the remainder when 299335 is divided by 424.
415
Calculate the remainder when 46245 is divided by 22983.
279
What is the remainder when 5590712 is divided by 9?
2
What is the remainder when 689236812 is divided by 15?
12
Calculate the remainder when 163274295 is divided by 43.
27
Calculate the remainder when 600671 is divided by 66737.
38
Calculate the remainder when 4448911 is divided by 13.
12
Calculate the remainder when 380215 is divided by 47258.
2151
Calculate the remainder when 2272596 is divided by 133679.
53
Calculate the remainder when 87298 is divided by 6365.
4553
Calculate the remainder when 461561 is divided by 13570.
181
What is the remainder when 23569 is divided by 16?
1
What is the remainder when 2695104 is divided by 4821?
165
Calculate the remainder when 6448015 is divided by 7750.
15
Calculate the remainder when 260132 is divided by 129989.
154
What is the remainder when 166523039 is divided by 3240?
3239
Calculate the remainder when 131018 is divided by 11350.
6168
Calculate the remainder when 18144151 is divided by 537.
532
Calculate the remainder when 91067 is divided by 255.
32
What is the remainder when 39687732 is divided by 49734?
0
What is the remainder when 23535 is divided by 4586?
605
What is the remainder when 856507 is divided by 6035?
5572
Calculate the remainder when 3706506 is divided by 1235496.
18
Calculate the remainder when 4633336 is divided by 743.
731
What is the remainder when 491902 is divided by 245947?
8
What is the remainder when 163391 is divided by 54142?
965
Calculate the remainder when 646258 is divided by 62.
32
Calculate the remainder when 7477 is divided by 85.
82
What is the remainder when 75896134 is divided by 6?
4
Calculate the remainder when 153897799 is divided by 100.
99
Calculate the remainder when 343093 is divided by 484.
421
What is the remainder when 4403115 is divided by 138?
87
Calculate the remainder when 58149442 is divided by 227.
214
What is the remainder when 103199 is divided by 135?
59
What is the remainder when 2664620 is divided by 4170?
4160
What is the remainder when 617359 is divided by 154334?
23
What is the remainder when 188414 is divided by 481?
343
What is the remainder when 251337 is divided by 202?
49
What is the remainder when 7636980 is divided by 1808?
1796
What is the remainder when 1014223 is divided by 4325?
2173
Calculate the remainder when 988729870 is divided by 2588.
258